tors of 6033240745.
5, 7, 23, 157, 47737
What are the prime factors of 79200382?
2, 17, 701, 3323
What are the prime factors of 140235858?
2, 3, 7, 1112983
What are the prime factors of 37193507?
13, 19, 23, 6547
What are the prime factors of 173975731?
241, 721891
What are the prime factors of 329686176?
2, 3, 19, 180749
What are the prime factors of 369155566?
2, 13, 23, 59, 10463
List the prime factors of 30758694.
2, 3, 5126449
What are the prime factors of 27967298?
2, 59, 237011
List the prime factors of 32319655.
5, 73, 88547
What are the prime factors of 609254746?
2, 304627373
List the prime factors of 101574144.
2, 3, 7, 47, 67
List the prime factors of 185628595.
5, 37125719
What are the prime factors of 36626752?
2, 163, 3511
What are the prime factors of 226272514?
2, 13, 1181, 7369
List the prime factors of 16025137.
41, 269, 1453
List the prime factors of 96518272.
2, 113, 6673
List the prime factors of 453287929.
4943, 91703
What are the prime factors of 338062462?
2, 169031231
What are the prime factors of 841304704?
2, 17, 386629
List the prime factors of 145981764.
2, 3, 101, 1487
List the prime factors of 19150429.
1831, 10459
What are the prime factors of 410346532?
2, 41, 2502113
What are the prime factors of 158568899?
10459, 15161
What are the prime factors of 165946590?
2, 3, 5, 614617
List the prime factors of 366037770.
2, 3, 5, 7, 31, 59, 953
What are the prime factors of 2567109732?
2, 3, 11, 47, 413783
What are the prime factors of 559389674?
2, 397, 704521
What are the prime factors of 2887519580?
2, 5, 11, 13125089
What are the prime factors of 1245523426?
2, 7, 53, 1678603
List the prime factors of 1105789433.
7, 157969919
List the prime factors of 75537268.
2, 18884317
What are the prime factors of 5742996285?
3, 5, 13, 4969, 5927
What are the prime factors of 146969791?
31, 4740961
What are the prime factors of 1853972911?
7, 103, 277, 9283
List the prime factors of 49628998.
2, 503, 49333
What are the prime factors of 158373626?
2, 19, 619, 6733
List the prime factors of 1146635957.
37, 30990161
What are the prime factors of 258676859?
7, 36953837
List the prime factors of 6021684632.
2, 752710579
List the prime factors of 168367744.
2, 1315373
What are the prime factors of 2888610748?
2, 5119, 141073
What are the prime factors of 77262562?
2, 13, 263, 11299
List the prime factors of 3545222023.
7, 506460289
What are the prime factors of 52500515?
5, 19, 31, 17827
List the prime factors of 42013721.
29, 1117, 1297
List the prime factors of 1279309152.
2, 3, 11, 367, 3301
List the prime factors of 85140122.
2, 42570061
List the prime factors of 145782151.
67, 2175853
List the prime factors of 3890350499.
7, 17, 71, 460451
List the prime factors of 1416704079.
3, 7, 67, 1006897
List the prime factors of 1899871455.
3, 5, 3527, 35911
What are the prime factors of 5955800136?
2, 3, 11, 13, 23, 197, 383
What are the prime factors of 45212279?
7, 6458897
What are the prime factors of 1797355930?
2, 5, 23, 2741, 2851
What are the prime factors of 48145429?
48145429
What are the prime factors of 2149663367?
29, 3067, 24169
What are the prime factors of 6869257882?
2, 883, 3889727
What are the prime factors of 1829995016?
2, 97, 2358241
List the prime factors of 384137686.
2, 192068843
What are the prime factors of 38718059?
38718059
List the prime factors of 225492900.
2, 3, 5, 751643
What are the prime factors of 117657529?
11, 1801, 5939
What are the prime factors of 3021578?
2, 7, 215827
What are the prime factors of 2049010083?
3, 1187, 191801
List the prime factors of 185785769.
13, 37, 386249
What are the prime factors of 14347666?
2, 661, 10853
List the prime factors of 112347183.
3, 13, 491, 5867
List the prime factors of 986840433.
3, 2909, 37693
List the prime factors of 147958237.
7, 21136891
What are the prime factors of 79098727?
79098727
What are the prime factors of 755824618?
2, 377912309
What are the prime factors of 777443946?
2, 3, 129573991
List the prime factors of 43784633.
6263, 6991
List the prime factors of 444677970.
2, 3, 5, 11, 71, 18979
What are the prime factors of 3419934?
2, 3, 7, 107, 761
List the prime factors of 490778090.
2, 5, 11, 367, 12157
What are the prime factors of 13357099?
7, 1908157
List the prime factors of 524684535.
3, 5, 1109, 31541
List the prime factors of 623087022.
2, 3, 4721, 21997
List the prime factors of 218812981.
919, 238099
List the prime factors of 23806280.
2, 5, 595157
List the prime factors of 11893555.
5, 2378711
What are the prime factors of 133297768?
2, 19, 31, 28289
List the prime factors of 104711709.
3, 23, 1517561
List the prime factors of 44414270.
2, 5, 43, 103289
List the prime factors of 2657833349.
179, 2161, 6871
List the prime factors of 83287908.
2, 3, 11, 210323
List the prime factors of 1229254799.
19, 191, 338731
List the prime factors of 229872947.
1237, 185831
What are the prime factors of 1513992771?
3, 73, 2304403
What are the prime factors of 155628179?
7, 37, 600881
What are the prime factors of 272045345?
5, 11, 13, 380483
What are the prime factors of 104716096?
2, 1636189
List the prime factors of 9220117.
9220117
What are the prime factors of 73657982?
2, 36828991
List the prime factors of 10856839.
7, 137, 11321
What are the prime factors of 113223437?
419, 270223
What are the prime factors of 860225718?
2, 3, 11, 103, 126541
What are the prime factors of 2939982630?
2, 3, 5, 13, 37, 79, 2579
List the prime factors of 1381014719.
7, 197, 353, 2837
List the prime factors of 834348632.
2, 13, 31, 137, 1889
What are the prime factors of 3015372076?
2, 17, 43, 109, 9461
What are the prime factors of 528823393?
7, 79, 956281
What are the prime factors of 2099128414?
2, 17, 41, 1505831
List the prime factors of 5153105753.
3049, 1690097
What are the prime factors of 4942396100?
2, 5, 151, 327311
What are the prime factors of 139048943?
11, 163, 77551
List the prime factors of 2293954907.
2293954907
What are the prime factors of 174500282?
2, 11, 7931831
List the prime factors of 39404213.
97, 271, 1499
List the prime factors of 177264954.
2, 3, 9848053
What are the prime factors of 190014433?
7, 27144919
List the prime factors of 600812345.
5, 7, 17166067
List the prime factors of 1843877153.
1843877153
What are the prime factors of 75129454?
2, 23, 1633249
List the prime factors of 29844507.
3, 7, 11, 129197
List the prime factors of 16199249.
11, 17, 86627
List the prime factors of 30625720.
2, 5, 19, 59, 683
What are the prime factors of 656468299?
656468299
What are the prime factors of 1670549839?
7, 238649977
List the prime factors of 237419749.
7, 617, 7853
What are the prime factors of 48872420?
2, 5, 919, 2659
List the prime factors of 41199569.
41199569
What are the prime factors of 742000598?
2, 17, 21823547
What are the prime factors of 1524562315?
5, 197, 1547779
List the prime factors of 38962521.
3, 13, 17, 19, 1031
What are the prime factors of 96046629?
3, 7, 4573649
List the prime factors of 91195184.
2, 23, 247813
List the prime factors of 141781712.
2, 463, 19139
List the prime factors of 8440242.
2, 3, 1406707
List the prime factors of 3856103580.
2, 3, 5, 7, 19, 483221
List the prime factors of 1751757426.
2, 3, 4409, 22073
List the prime factors of 1490505939.
3, 13, 19, 670493
What are the prime factors of 356988700?
2, 5, 3569887
List the prime factors of 90905530.
2, 5, 2221, 4093
What are the prime factors of 24865781?
17, 1462693
What are the prime factors of 6586624011?
3, 11, 23, 8678029
List the prime factors of 40004017.
40004017
What are the prime factors of 212779608?
2, 3, 1213, 7309
What are the prime factors of 386103237?
3, 13, 19, 349, 1493
What are the prime factors of 2528797287?
3, 769, 1096141
List the prime factors of 754348015.
5, 150869603
What are the prime factors of 389123047?
17, 127, 180233
What are the prime factors of 4997972689?
43, 116231923
What are the prime factors of 5606416639?
509, 1087, 10133
List the prime factors of 960267.
3, 7, 11, 4157
List the prime factors of 999229984.
2, 283, 110339
What are the prime factors of 1594013946?
2, 3, 7, 37, 1025749
List the prime factors of 108737739.
3, 11, 31, 3221
List the prime factors of 17520341.
179, 97879
List the pr